 -3*l. Determine y(l).
-13
Let k(t) = 15*t + 202. Let b be -3*92/22 + -2 - 18/(-33). Give k(b).
-8
Let l(f) = -25 - 5 + 2 - 13 - 12 - 8*f. Calculate l(-6).
-5
Let u(w) = -w**2 - 4*w + 4. Let c(y) be the second derivative of y**4/2 + 7*y**3/2 - 21*y**2/2 - 2*y - 84. Let l(p) = -4*c(p) - 21*u(p). Give l(3).
-27
Let b(f) = -11*f**3 + 2*f**2 + 2*f - 19. Let h(i) = 2*i**3 - 1. Let u(d) = -b(d) - 6*h(d). Calculate u(0).
25
Let c(g) be the first derivative of -3*g**3 + 4*g**2 - 16*g - 6694. Calculate c(4).
-128
Let t = -199 - -185. Let z be 0 + (-7)/t*0/(-2). Let w(m) = -m**3 + m**2 - 8. What is w(z)?
-8
Let p be 3 - (-2 + 1)*1*1. Let y(o) = o**2 + 2*o. Let x(m) = -3*m**2 - 14*m + 2. Let t(q) = -x(q) - 4*y(q). Determine t(p).
6
Let t(k) be the first derivative of k**4/4 + 7*k**3/3 - 3*k**2/2 - 21*k - 1217. Give t(-5).
44
Let o(f) = -300*f - 5 + 109*f + 99*f - 3*f**2 - 2 + 104*f. What is o(4)?
-7
Let l(y) = -1887*y - 11381. Let q be l(-6). Let j(g) = -2*g**3 - 120*g**2 - 115*g + 180. What is j(q)?
3
Let x(z) = -372*z - 64 + 755*z - 20 - 376*z. What is x(12)?
0
Let g(z) be the third derivative of z**4/8 + 41*z**3/6 - 16*z**2. Let v be g(-13). Let u(d) = d + 2 + d - 3. What is u(v)?
3
Let b(y) = -y**3 - 6*y**2 + 7*y + 6. Suppose -l = l + 14. Let k be b(l). Let w(j) = -11*j**2 - j**3 + 18*j**2 + 16*j - 14*j + 9 - 10*j. Determine w(k).
-3
Suppose 2083 = 177*y + 844. Let a(m) = -2*m + 3*m**2 + 8*m - 4*m**2 + 7. Determine a(y).
0
Let l be (-32)/2 + (445 - 433). Let d(f) = -f - 44. Determine d(l).
-40
Let y(k) = -k**3 + 8*k**2 - 10*k + 2. Let q(v) = -v**3 - v**2 + 3*v - 1. Let m(g) = -4*q(g) - y(g). Determine m(3).
95
Let y(i) = -690*i + 1368*i - 675*i - 29. What is y(4)?
-17
Let p(v) be the second derivative of -v**3/3 + 17*v**2/2 + 1161*v. Calculate p(3).
11
Let n(x) = 39*x - 1. Let q be (18 - 5664/312) + (-15)/(-13). What is n(q)?
38
Let h(q) = -q**3 + 6*q**2 - 4*q - 6. Let i be h(4). Let z(c) = c**2 - 17*c + 24. Let x(y) = -2*y + 5. Let g(u) = 4*x(u) - z(u). What is g(i)?
-14
Let n(g) = -g**3 - 7*g**2 - 5*g + 4. Let z be (-12)/(-14)*(18 + (0 - -3)). Let s be 1/(-2) + 10/4. Suppose s*h + h = -z. What is n(h)?
-2
Let n(z) = z**2 + 19*z + 98. Suppose 2*f - 20*y = -15*y - 48, -2*f = 5*y - 12. Determine n(f).
8
Let c(i) = -29*i**2 + 5*i + 51. Let t(z) = -2*z**2 + 3. Let x(v) = -c(v) + 14*t(v). Suppose o + 4*o = 35. Determine x(o).
5
Let k(f) be the second derivative of 73*f - 1/2*f**2 + 0 + 11/6*f**3. Give k(-1).
-12
Suppose 75*t = 145*t - 27*t + 516. Let c(h) = -5*h - 50. Calculate c(t).
10
Let o(w) = -4*w - 50. Suppose 81 - 26 = -5*x. Calculate o(x).
-6
Let j = -36 - -38. Let z(c) be the first derivative of c**5/10 - c**4/12 - c**3/3 + c**2 + 7*c + 5. Let g(w) be the first derivative of z(w). Determine g(j).
10
Let d(o) = -13*o - 12. Let f be 3/(-2)*(2 + 0). Let r be d(f). Suppose -4*j = t - r, j + 12 = 2*j - 5*t. Let w(y) = y**3 - 6*y**2 - 7*y + 7. Give w(j).
7
Let o(n) = 2*n**3 + 2860*n**2 - 1442*n**2 - 1435*n**2 + 2. Determine o(8).
-62
Let r(p) = -p**3 - 3*p**2 + p + 1. Let y(b) = 2*b**2 - 2*b - 42. Let z be y(-5). Let w be (20 - z)*(-1 + -1). Calculate r(w).
13
Let f(w) = 387*w**3 - 30*w**2 + 14*w + 13. Let n(r) = 129*r**3 - 11*r**2 + 5*r + 5. Let b(v) = 3*f(v) - 8*n(v). Calculate b(1).
128
Let b(n) be the first derivative of -3*n**2/2 - 2*n - 1261. Let q be (-9)/(-6)*1*-4. Determine b(q).
16
Let m(a) = -a**2 - 46*a + 83. Let d be m(-23). Suppose 4*y - 536 = -d. Let v(h) = h**2 + 18*h - 13. Give v(y).
6
Let j(d) be the third derivative of d**6/120 - d**5/10 + 13*d**4/24 - 7*d**3/3 - 30*d**2 - 28*d. Determine j(3).
-2
Let m(b) be the third derivative of b**6/120 - 59*b**5/60 + 115*b**4/24 - 67*b**3/6 - 407*b**2 - 5*b + 3. Calculate m(57).
-10
Let r = -23 - -107. Suppose -v - r = -8*v. Let q(f) = -f + 10. What is q(v)?
-2
Let w(a) be the second derivative of 1/3*a**3 - 1 - 1/4*a**4 + a**2 + a. Determine w(2).
-6
Suppose -3*n + 2*x + 50 = 0, 2*x - 8 = 2*n - 42. Suppose -8*g + 8 - n = 0. Let i(a) = a**3 + 2*a**2 - a - 2. Give i(g).
0
Let z(k) be the second derivative of k**3 - 5/2*k**2 + 0 - 4*k. Let f = 669 - 665. Calculate z(f).
19
Let w(b) = -10*b + 105. Let a(s) = 15*s - 148. Let i(y) = 5*a(y) + 7*w(y). Determine i(-4).
-25
Let r be (18/12)/(21/56). Suppose -g - 3*m + 12 = 0, -9 = -g - r*m + 8. Let n(p) = -p + 2. What is n(g)?
5
Let z = -616 + 618. Suppose -25*k - 162 = z*k. Let q(s) = 2*s + 1. Let t(d) = 2*d + 2. Let v(i) = 3*q(i) - 4*t(i). Determine v(k).
7
Let r = 16 + -14. Suppose 3*z = r*h + 8 - 1, 4*z = h + 16. Let v(q) = -3*q + z*q**2 + 3 - 2 + 4*q - 9*q**2. Calculate v(-2).
-17
Let q(d) = 82*d + 83*d + 81*d - d**2 - 9 - 236*d. Calculate q(10).
-9
Let a(u) be the second derivative of -3*u**5/20 + 3*u**4/4 + 5*u**3/6 + 5*u**2 + 5*u - 4. Give a(5).
-115
Let c(q) = -q**2 - 6*q - 7. Let z(d) = d**2 - 13*d - 120. Let a(p) = -p**3 + 3*p**2 - 6*p + 2. Let s be a(2). Let t be z(s). Determine c(t).
-7
Suppose -19*t = -50 - 7. Let i be 7/(21/(-9)) - 6/t. Let n(u) = -u**2 - 5*u + 2. What is n(i)?
2
Let l(v) = 4*v - 4. Let f = 96 + -91. Let p(h) = 2*h + 10*h + 3*h - f*h - 24. Let q be p(3). Give l(q).
20
Let c(j) = -j**2 - 86*j - 1856. Let s be c(-45). Let p(l) = l**2 + 9*l - 21. Calculate p(s).
1
Let h(r) be the first derivative of r**4/4 - 11*r**3/3 - 11*r**2/2 - 8*r + 236. Let s be (32/20)/((-4)/(-30)). What is h(s)?
4
Let r(a) be the third derivative of a**6/120 + a**5/15 + a**4/6 - a**3/3 + 44*a**2. Let g = -957 + 955. Calculate r(g).
-2
Let x(j) = j**3 - 27*j**2 - 30*j + 56. Let k be x(28). Let d(c) = 12*c + k - 3 - 13*c. Give d(-7).
4
Let s(t) = 3*t - 19. Suppose -4*c = 4*b - 16, -13*c + 2*b + 22 = -9*c. Suppose -2*d = -4*y + 2, 8 = c*y - 3*y. Determine s(d).
2
Let d(c) = 9000*c + 2*c**2 - 9002*c + c**3 + 5*c**2 - 11. What is d(-5)?
49
Let c be -4 - ((-484)/9 - (-6)/(-27)). Let x be (-20)/c - (-36)/15. Let u(r) = -15*r + 10. Let h(o) = 14*o - 9. Let v(q) = 7*h(q) + 6*u(q). Determine v(x).
13
Let f(o) = 2*o**2 + 13*o + 18. Let b be f(-6). Let m(w) = 11 + w - w**2 - 8*w + 0*w - b. Give m(-5).
9
Let i = -991152 + 991149. Let f(d) = -5*d + 3*d - 2 + d. Determine f(i).
1
Let a(k) = -k**3 - 9*k**2 + 9*k + 6. Let u be a(7). Let y = -715 - u. Let s(l) = l**2 - 2*l + 6. What is s(y)?
6
Suppose -4*l + 76 = 373*b - 377*b, b - 37 = -3*l. Let t(m) = -6*m**3 + m**2 + 9*m + 11. Let f(h) = h**3 - h**2 - h - 1. Let w(c) = -5*f(c) - t(c). Give w(b).
-11
Let p(t) be the third derivative of 4*t**6/15 + t**4/12 - t**3/6 + 1740*t**2. Calculate p(1).
33
Suppose 3*o - 3*k + 5*k + 16 = 0, 0 = -5*o + k - 18. Let n be 2 + -5 + 12 + o. Let y(i) = -i**2 + 5*i - 6. Calculate y(n).
-6
Let m be 16/(-2) + (0 - 2). Let n be 2/m + (-12)/15. Let i(l) = -4*l + 15. Let f(h) = -4*h + 20. Let o(q) = -3*f(q) + 4*i(q). Give o(n).
4
Let d(m) = -4*m**2 + 6*m - 2. Suppose 24 = 27*g - 84. Let r(j) = 5*j**2 - 8*j + 3. Let o(y) = g*d(y) + 3*r(y). Suppose -b = -6*b - 5. Determine o(b).
0
Let k(w) = 4 + 6 + 6 - 3*w - 12. Let u(y) = y**3 + 5*y**2 - 8*y. Let t be u(-6). Suppose -4*d = -d + 3*p, p + t = -4*d. What is k(d)?
16
Let g(c) be the third derivative of -c**5/15 - 5*c**4/12 + 2*c**3/3 - 4*c**2 + 2*c + 549. What is g(4)?
-100
Let u be 32/20 - 4/(-10). Let l be (-1)/(u/(-4)) + 0 + 1. Let a(o) = -l + 0 - 9*o + o**2 + 8. Give a(8).
-3
Let d(q) = -q**3 - 38*q**2 + 36*q - 126. Let h be d(-39). Let o(c) = -7*c - 53. Give o(h).
10
Let w(v) = v**2 + 12*v + 9. Let t = 26 + -31. Let p be 35/t - (-4 - -6). Calculate w(p).
-18
Let w(s) = -2*s**2 - 2*s. Let h(d) = -62*d + 187*d - 62*d - 64*d + 30. Let j be h(33). Determine w(j).
-12
Let a(c) be the first derivative of c**2 + 20*c - 2. Let z(i) = i**3 + 32*i**2 - 7*i - 235. Let x be z(-32). Give a(x).
-2
Let c be 6/((-8)/24*-1). Let a(f) = -21 - f**3 - 266*f**2 + 286*f**2 - c*f + 9. Give a(19).
7
Let n(t) = t**2 + 7*t - 16. Suppose 962*x = 934*x - 224. Calculate n(x).
-8
Let h = 697 + -696. Let t(f) = -3*f**2 + 1. Give t(h).
-2
Let r(p) = 14*p + 1. Let g be r(1). Let u be (g - 21)/((-3)/(-2)). Let m(w) = -w**3 - 6*w**2 - 6*w. Give m(u).
-8
Suppose -3*p + 14 + 1 = 0. Suppose -p*n + 3*n = 106. Let i = n - -59. Let r(g) = -g**3 + 6*g**2 + 2. Determine r(i).
2
Let c(a) = 5*a**3 - a**2 + 2*a - 1. Suppose -f = 2*q - 42, -7*q + 2*q + 114 = -2*f. Let h be q/6 - 